{"id":6867,"date":"2024-09-05T17:06:02","date_gmt":"2024-09-05T15:06:02","guid":{"rendered":"https:\/\/dev.relaunch.zsg.ch\/?page_id=6867"},"modified":"2025-07-31T13:36:02","modified_gmt":"2025-07-31T11:36:02","slug":"verkehrslage","status":"publish","type":"page","link":"https:\/\/www.zsg.ch\/de\/verkehrslage\/","title":{"rendered":"Verkehrslage"},"content":{"rendered":"\t\t<div data-elementor-type=\"wp-page\" data-elementor-id=\"6867\" class=\"elementor elementor-6867\" data-elementor-post-type=\"page\">\n\t\t\t\t<div class=\"elementor-element elementor-element-cf4964e e-con-full e-flex e-con e-parent\" data-id=\"cf4964e\" data-element_type=\"container\" data-e-type=\"container\" data-settings=\"{&quot;background_background&quot;:&quot;classic&quot;}\">\n\t\t<div class=\"elementor-element elementor-element-a84ca7c e-con-full e-flex e-con e-child\" data-id=\"a84ca7c\" data-element_type=\"container\" data-e-type=\"container\" data-settings=\"{&quot;background_background&quot;:&quot;classic&quot;}\">\n\t\t<div class=\"elementor-element elementor-element-ffef4b3 e-con-full h1container e-flex e-con e-child\" data-id=\"ffef4b3\" data-element_type=\"container\" data-e-type=\"container\" data-settings=\"{&quot;background_background&quot;:&quot;classic&quot;,&quot;motion_fx_motion_fx_scrolling&quot;:&quot;yes&quot;,&quot;motion_fx_range&quot;:&quot;viewport&quot;,&quot;motion_fx_translateY_effect&quot;:&quot;yes&quot;,&quot;motion_fx_translateY_direction&quot;:&quot;negative&quot;,&quot;motion_fx_translateY_speed&quot;:{&quot;unit&quot;:&quot;px&quot;,&quot;size&quot;:0.5,&quot;sizes&quot;:[]},&quot;motion_fx_translateY_affectedRange&quot;:{&quot;unit&quot;:&quot;%&quot;,&quot;size&quot;:&quot;&quot;,&quot;sizes&quot;:{&quot;start&quot;:50,&quot;end&quot;:100}},&quot;motion_fx_opacity_effect&quot;:&quot;yes&quot;,&quot;motion_fx_opacity_direction&quot;:&quot;in-out&quot;,&quot;motion_fx_opacity_level&quot;:{&quot;unit&quot;:&quot;px&quot;,&quot;size&quot;:5,&quot;sizes&quot;:[]},&quot;motion_fx_opacity_range&quot;:{&quot;unit&quot;:&quot;%&quot;,&quot;size&quot;:&quot;&quot;,&quot;sizes&quot;:{&quot;start&quot;:50,&quot;end&quot;:100}},&quot;motion_fx_devices&quot;:[&quot;widescreen&quot;,&quot;desktop&quot;,&quot;laptop&quot;,&quot;tablet&quot;,&quot;mobile&quot;]}\">\n\t\t\t\t<div class=\"elementor-element elementor-element-a94b61f elementor-invisible elementor-widget elementor-widget-heading\" data-id=\"a94b61f\" data-element_type=\"widget\" data-e-type=\"widget\" data-settings=\"{&quot;_animation&quot;:&quot;fadeInDown&quot;,&quot;_animation_delay&quot;:100}\" data-widget_type=\"heading.default\">\n\t\t\t\t<div class=\"elementor-widget-container\">\n\t\t\t\t\t<h1 class=\"elementor-heading-title elementor-size-default\">Verkehrslage<\/h1>\t\t\t\t<\/div>\n\t\t\t\t<\/div>\n\t\t\t\t<div class=\"elementor-element elementor-element-f2a2e1d breadcrumbdunkel elementor-invisible elementor-widget elementor-widget-html\" data-id=\"f2a2e1d\" data-element_type=\"widget\" data-e-type=\"widget\" data-settings=\"{&quot;_animation&quot;:&quot;fadeInDown&quot;,&quot;_animation_delay&quot;:200}\" data-widget_type=\"html.default\">\n\t\t\t\t<div class=\"elementor-widget-container\">\n\t\t\t\t\t<nav aria-label=\"breadcrumbs\" class=\"rank-math-breadcrumb\"><p><span class=\"last\">Home<\/span><\/p><\/nav>\t\t\t\t<\/div>\n\t\t\t\t<\/div>\n\t\t\t\t<\/div>\n\t\t\t\t<\/div>\n\t\t\t\t<\/div>\n\t\t<div class=\"elementor-element elementor-element-cffcb9c e-con-full e-flex e-con e-parent\" data-id=\"cffcb9c\" data-element_type=\"container\" data-e-type=\"container\" data-settings=\"{&quot;background_background&quot;:&quot;classic&quot;}\">\n\t\t<div class=\"elementor-element elementor-element-3af9d75 e-con-full e-flex e-con e-child\" data-id=\"3af9d75\" data-element_type=\"container\" data-e-type=\"container\" data-settings=\"{&quot;background_background&quot;:&quot;classic&quot;}\">\n\t\t<div class=\"elementor-element elementor-element-632bd48 e-con-full e-flex e-con e-child\" data-id=\"632bd48\" data-element_type=\"container\" data-e-type=\"container\">\n\t\t\t\t<div class=\"elementor-element elementor-element-3cca938 elementor-invisible elementor-widget elementor-widget-text-editor\" data-id=\"3cca938\" data-element_type=\"widget\" data-e-type=\"widget\" data-settings=\"{&quot;_animation&quot;:&quot;fadeInDown&quot;,&quot;_animation_delay&quot;:100}\" data-widget_type=\"text-editor.default\">\n\t\t\t\t<div class=\"elementor-widget-container\">\n\t\t\t\t\t\t\t\t\t<p>Hier finden Sie alle Informationen zu aktuellen Betriebseinschr\u00e4nkungen der ZSG. Ob Fahrplan\u00e4nderungen, Verz\u00f6gerungen oder Ausf\u00e4lle \u2013 bleiben Sie stets informiert und planen Sie Ihre Fahrt entsprechend.<\/p>\t\t\t\t\t\t\t\t<\/div>\n\t\t\t\t<\/div>\n\t\t\t\t<\/div>\n\t\t\t\t<\/div>\n\t\t\t\t<\/div>\n\t\t<div class=\"elementor-element elementor-element-6df1f4b2 e-con-full e-flex e-con e-parent\" data-id=\"6df1f4b2\" data-element_type=\"container\" data-e-type=\"container\" id=\"schiffinfo\" data-settings=\"{&quot;background_background&quot;:&quot;classic&quot;}\">\n\t\t<div class=\"elementor-element elementor-element-6f8de023 e-con-full e-flex e-con e-child\" data-id=\"6f8de023\" data-element_type=\"container\" data-e-type=\"container\" data-settings=\"{&quot;background_background&quot;:&quot;classic&quot;}\">\n\t\t<div class=\"elementor-element elementor-element-4c7c8530 e-con-full e-flex e-con e-child\" data-id=\"4c7c8530\" data-element_type=\"container\" data-e-type=\"container\" data-settings=\"{&quot;background_background&quot;:&quot;classic&quot;}\">\n\t\t\t\t<div class=\"elementor-element elementor-element-4dee303 elementor-widget elementor-widget-html\" data-id=\"4dee303\" data-element_type=\"widget\" data-e-type=\"widget\" data-widget_type=\"html.default\">\n\t\t\t\t<div class=\"elementor-widget-container\">\n\t\t\t\t\t<style>\n.table-1-2-1 td {padding: 3px 10px 3px 10px;}\n.date-1-2-2 {font-family: Inter;font-size: 18px;color:#555;font-weight: 400;}\n.title-1-2-3 a {font-family: Inter;font-size: 18px; color: #00284c !important;text-decoration:none!important;font-weight: 400;}\n.title-1-2-3 a:hover {text-decoration:underline!important;}\n\n\n#zvv-ticker-widget .table-0-2-1 td {padding: 3px 10px 3px 0px;}\n\n#zvv-ticker-widget td {\n    padding: 10px;\n    font-family: Inter!important;\n    line-height: 1.5;\n    font-size: 18px;\n    font-weight: 400;\n    color: #00284c;\n}\n\n<\/style>\n\n\n<!-- HEAD -->\n<script src=\"https:\/\/fpcdn.zvv.ch\/cdn\/v1\/tickerWidget.min.js\"><\/script>\n<!--BODY -->\n<div id=\"zvv-ticker-widget\" data-transport-company=\"ZSG\"><\/div>\t\t\t\t<\/div>\n\t\t\t\t<\/div>\n\t\t\t\t<\/div>\n\t\t\t\t<\/div>\n\t\t\t\t<\/div>\n\t\t<div class=\"elementor-element elementor-element-94c73ab e-con-full e-flex e-con e-parent\" data-id=\"94c73ab\" data-element_type=\"container\" data-e-type=\"container\" data-settings=\"{&quot;background_background&quot;:&quot;classic&quot;}\">\n\t\t<div class=\"elementor-element elementor-element-069ccd3 e-con-full e-flex e-con e-child\" data-id=\"069ccd3\" data-element_type=\"container\" data-e-type=\"container\" data-settings=\"{&quot;background_background&quot;:&quot;classic&quot;}\">\n\t\t\t\t<div class=\"elementor-element elementor-element-b4c9de4 elementor-widget elementor-widget-image\" data-id=\"b4c9de4\" data-element_type=\"widget\" data-e-type=\"widget\" data-widget_type=\"image.default\">\n\t\t\t\t<div class=\"elementor-widget-container\">\n\t\t\t\t\t\t\t\t\t\t\t\t\t\t\t<img decoding=\"async\" src=\"https:\/\/www.zsg.ch\/wp-content\/uploads\/steg-zuerich-buerkliplatz_1920x1000.jpg\" title=\"steg-zuerich-buerkliplatz_1920x1000\" alt=\"Steg B\u00fcrkliplatz bei Nacht\" loading=\"lazy\" \/>\t\t\t\t\t\t\t\t\t\t\t\t\t\t\t<\/div>\n\t\t\t\t<\/div>\n\t\t\t\t<\/div>\n\t\t\t\t<\/div>\n\t\t\t\t<\/div>\n\t\t","protected":false},"excerpt":{"rendered":"<p>Verkehrslage Hier finden Sie alle Informationen zu aktuellen Betriebseinschr\u00e4nkungen der ZSG. Ob Fahrplan\u00e4nderungen, Verz\u00f6gerungen oder Ausf\u00e4lle \u2013 bleiben Sie stets informiert und planen Sie Ihre Fahrt entsprechend. Ausfall Kurs 111 und 112Grosse Seerundfahrt:Abfahrt 14:20 Uhr ab B\u00fcrkliplatz undAbfahrt 16:45 Uhr ab Rapperswil<\/p>\n","protected":false},"author":1,"featured_media":2607,"parent":0,"menu_order":1,"comment_status":"closed","ping_status":"closed","template":"","meta":{"footnotes":""},"class_list":["post-6867","page","type-page","status-publish","has-post-thumbnail","hentry"],"_links":{"self":[{"href":"https:\/\/www.zsg.ch\/de\/wp-json\/wp\/v2\/pages\/6867","targetHints":{"allow":["GET"]}}],"collection":[{"href":"https:\/\/www.zsg.ch\/de\/wp-json\/wp\/v2\/pages"}],"about":[{"href":"https:\/\/www.zsg.ch\/de\/wp-json\/wp\/v2\/types\/page"}],"author":[{"embeddable":true,"href":"https:\/\/www.zsg.ch\/de\/wp-json\/wp\/v2\/users\/1"}],"replies":[{"embeddable":true,"href":"https:\/\/www.zsg.ch\/de\/wp-json\/wp\/v2\/comments?post=6867"}],"version-history":[{"count":3,"href":"https:\/\/www.zsg.ch\/de\/wp-json\/wp\/v2\/pages\/6867\/revisions"}],"predecessor-version":[{"id":17418,"href":"https:\/\/www.zsg.ch\/de\/wp-json\/wp\/v2\/pages\/6867\/revisions\/17418"}],"wp:featuredmedia":[{"embeddable":true,"href":"https:\/\/www.zsg.ch\/de\/wp-json\/wp\/v2\/media\/2607"}],"wp:attachment":[{"href":"https:\/\/www.zsg.ch\/de\/wp-json\/wp\/v2\/media?parent=6867"}],"curies":[{"name":"wp","href":"https:\/\/api.w.org\/{rel}","templated":true}]}}

<div data-elementor-type="wp-page" data-elementor-id="6867" class="elementor elementor-6867" data-elementor-post-type="page">
				<div class="elementor-element elementor-element-cf4964e e-con-full e-flex e-con e-parent" data-id="cf4964e" data-element_type="container" data-e-type="container" data-settings="{&quot;background_background&quot;:&quot;classic&quot;}">
		<div class="elementor-element elementor-element-a84ca7c e-con-full e-flex e-con e-child" data-id="a84ca7c" data-element_type="container" data-e-type="container" data-settings="{&quot;background_background&quot;:&quot;classic&quot;}">
		<div class="elementor-element elementor-element-ffef4b3 e-con-full h1container e-flex e-con e-child" data-id="ffef4b3" data-element_type="container" data-e-type="container" data-settings="{&quot;background_background&quot;:&quot;classic&quot;,&quot;motion_fx_motion_fx_scrolling&quot;:&quot;yes&quot;,&quot;motion_fx_range&quot;:&quot;viewport&quot;,&quot;motion_fx_translateY_effect&quot;:&quot;yes&quot;,&quot;motion_fx_translateY_direction&quot;:&quot;negative&quot;,&quot;motion_fx_translateY_speed&quot;:{&quot;unit&quot;:&quot;px&quot;,&quot;size&quot;:0.5,&quot;sizes&quot;:[]},&quot;motion_fx_translateY_affectedRange&quot;:{&quot;unit&quot;:&quot;%&quot;,&quot;size&quot;:&quot;&quot;,&quot;sizes&quot;:{&quot;start&quot;:50,&quot;end&quot;:100}},&quot;motion_fx_opacity_effect&quot;:&quot;yes&quot;,&quot;motion_fx_opacity_direction&quot;:&quot;in-out&quot;,&quot;motion_fx_opacity_level&quot;:{&quot;unit&quot;:&quot;px&quot;,&quot;size&quot;:5,&quot;sizes&quot;:[]},&quot;motion_fx_opacity_range&quot;:{&quot;unit&quot;:&quot;%&quot;,&quot;size&quot;:&quot;&quot;,&quot;sizes&quot;:{&quot;start&quot;:50,&quot;end&quot;:100}},&quot;motion_fx_devices&quot;:[&quot;widescreen&quot;,&quot;desktop&quot;,&quot;laptop&quot;,&quot;tablet&quot;,&quot;mobile&quot;]}">
				<div class="elementor-element elementor-element-a94b61f elementor-invisible elementor-widget elementor-widget-heading" data-id="a94b61f" data-element_type="widget" data-e-type="widget" data-settings="{&quot;_animation&quot;:&quot;fadeInDown&quot;,&quot;_animation_delay&quot;:100}" data-widget_type="heading.default">
				<div class="elementor-widget-container">
					<h1 class="elementor-heading-title elementor-size-default">Verkehrslage</h1>				</div>
				</div>
				<div class="elementor-element elementor-element-f2a2e1d breadcrumbdunkel elementor-invisible elementor-widget elementor-widget-html" data-id="f2a2e1d" data-element_type="widget" data-e-type="widget" data-settings="{&quot;_animation&quot;:&quot;fadeInDown&quot;,&quot;_animation_delay&quot;:200}" data-widget_type="html.default">
				<div class="elementor-widget-container">
					<nav aria-label="breadcrumbs" class="rank-math-breadcrumb"><p><span class="last">Home</span></p></nav>				</div>
				</div>
				</div>
				</div>
				</div>
		<div class="elementor-element elementor-element-cffcb9c e-con-full e-flex e-con e-parent" data-id="cffcb9c" data-element_type="container" data-e-type="container" data-settings="{&quot;background_background&quot;:&quot;classic&quot;}">
		<div class="elementor-element elementor-element-3af9d75 e-con-full e-flex e-con e-child" data-id="3af9d75" data-element_type="container" data-e-type="container" data-settings="{&quot;background_background&quot;:&quot;classic&quot;}">
		<div class="elementor-element elementor-element-632bd48 e-con-full e-flex e-con e-child" data-id="632bd48" data-element_type="container" data-e-type="container">
				<div class="elementor-element elementor-element-3cca938 elementor-invisible elementor-widget elementor-widget-text-editor" data-id="3cca938" data-element_type="widget" data-e-type="widget" data-settings="{&quot;_animation&quot;:&quot;fadeInDown&quot;,&quot;_animation_delay&quot;:100}" data-widget_type="text-editor.default">
				<div class="elementor-widget-container">
									<p>Hier finden Sie alle Informationen zu aktuellen Betriebseinschränkungen der ZSG. Ob Fahrplanänderungen, Verzögerungen oder Ausfälle – bleiben Sie stets informiert und planen Sie Ihre Fahrt entsprechend.</p>								</div>
				</div>
				</div>
				</div>
				</div>
		<div class="elementor-element elementor-element-6df1f4b2 e-con-full e-flex e-con e-parent" data-id="6df1f4b2" data-element_type="container" data-e-type="container" id="schiffinfo" data-settings="{&quot;background_background&quot;:&quot;classic&quot;}">
		<div class="elementor-element elementor-element-6f8de023 e-con-full e-flex e-con e-child" data-id="6f8de023" data-element_type="container" data-e-type="container" data-settings="{&quot;background_background&quot;:&quot;classic&quot;}">
		<div class="elementor-element elementor-element-4c7c8530 e-con-full e-flex e-con e-child" data-id="4c7c8530" data-element_type="container" data-e-type="container" data-settings="{&quot;background_background&quot;:&quot;classic&quot;}">
				<div class="elementor-element elementor-element-4dee303 elementor-widget elementor-widget-html" data-id="4dee303" data-element_type="widget" data-e-type="widget" data-widget_type="html.default">
				<div class="elementor-widget-container">
					<style>
.table-1-2-1 td {padding: 3px 10px 3px 10px;}
.date-1-2-2 {font-family: Inter;font-size: 18px;color:#555;font-weight: 400;}
.title-1-2-3 a {font-family: Inter;font-size: 18px; color: #00284c !important;text-decoration:none!important;font-weight: 400;}
.title-1-2-3 a:hover {text-decoration:underline!important;}


#zvv-ticker-widget .table-0-2-1 td {padding: 3px 10px 3px 0px;}

#zvv-ticker-widget td {
    padding: 10px;
    font-family: Inter!important;
    line-height: 1.5;
    font-size: 18px;
    font-weight: 400;
    color: #00284c;
}

</style>


<!-- HEAD -->
<script src="https://fpcdn.zvv.ch/cdn/v1/tickerWidget.min.js"></script>
<!--BODY -->
<div id="zvv-ticker-widget" data-transport-company="ZSG"></div>				</div>
				</div>
				</div>
				</div>
				</div>
		<div class="elementor-element elementor-element-94c73ab e-con-full e-flex e-con e-parent" data-id="94c73ab" data-element_type="container" data-e-type="container" data-settings="{&quot;background_background&quot;:&quot;classic&quot;}">
		<div class="elementor-element elementor-element-069ccd3 e-con-full e-flex e-con e-child" data-id="069ccd3" data-element_type="container" data-e-type="container" data-settings="{&quot;background_background&quot;:&quot;classic&quot;}">
				<div class="elementor-element elementor-element-b4c9de4 elementor-widget elementor-widget-image" data-id="b4c9de4" data-element_type="widget" data-e-type="widget" data-widget_type="image.default">
				<div class="elementor-widget-container">
															<img decoding="async" src="https://www.zsg.ch/wp-content/uploads/steg-zuerich-buerkliplatz_1920x1000.jpg" title="steg-zuerich-buerkliplatz_1920x1000" alt="Steg Bürkliplatz bei Nacht" loading="lazy" />															</div>
				</div>
				</div>
				</div>
				</div>

<p>Verkehrslage Hier finden Sie alle Informationen zu aktuellen Betriebseinschränkungen der ZSG. Ob Fahrplanänderungen, Verzögerungen oder Ausfälle – bleiben Sie stets informiert und planen Sie Ihre Fahrt entsprechend. Ausfall Kurs 111 und 112Grosse Seerundfahrt:Abfahrt 14:20 Uhr ab Bürkliplatz undAbfahrt 16:45 Uhr ab Rapperswil</p>
